 = t - 3. Let o be 1*(4 + (0 - t)). Suppose -82 = -o*j - 7. Is j composite?
True
Let d(q) = 8*q**2 + 8*q + 3. Is d(-5) a composite number?
False
Suppose 28*p + 753 = 31*p. Is p a composite number?
False
Is 85/4 - ((-5)/(-20) + 0) a prime number?
False
Let k = -2063 - -3555. Suppose 2*c = 6*c - k. Is c a composite number?
False
Let i be 1*(-24)/3 + 0. Let d(z) be the first derivative of z**4/4 + 3*z**3 - 2*z**2 - 7*z + 2. Is d(i) prime?
True
Let z(p) = -47*p - 1. Let r(b) = -3*b**2 + b. Let d be r(1). Let s be z(d). Suppose -s = -3*n - 3*y, 3*n - 36 = -4*y + 54. Is n prime?
False
Let o(l) = -4*l**2 - 9*l + 4. Let t(h) = 7*h**2 + 19*h - 8. Let v(y) = -13*o(y) - 6*t(y). Is v(-3) a composite number?
True
Suppose 0 = s - 4*c - 34, -4*s + 41 = 2*c + c. Let k = 35 - s. Is k prime?
False
Suppose 5*k - 10 = 0, k + 1456 = u + 410. Let g = u - 467. Is g a composite number?
True
Let d(h) = 21*h - 18. Let s(o) = -21*o + 17. Let x(z) = -5*d(z) - 4*s(z). Is x(-15) composite?
False
Let w(f) = 9*f**3 - 4*f**2 + 2*f. Let k be w(2). Is (-4)/(-6) - k/(-18) a prime number?
False
Let n(w) = 35*w + 13. Is n(8) prime?
True
Suppose -315 - 2203 = -o - 4*p, -7484 = -3*o + 2*p. Is o composite?
True
Let q(f) = -73*f - 4 + 0 + 0. Let h be q(5). Is (-2)/(-8) + h/(-12) a prime number?
True
Let y be (-12)/(-5) + 26/(-65). Suppose -3*c + y*l = -0*l - 241, 5*l = -10. Is c prime?
True
Let t = 56 + -33. Let n(x) = -x + 9. Let k be n(0). Let g = t - k. Is g a prime number?
False
Suppose -3*m - t + 40 = 0, 0 = m + 2*t - 6 + 1. Let q be (1 + (-32)/(-6))*m. Suppose 0*z - 4*z + q = u, -4*z + 86 = -2*u. Is z composite?
False
Let w = -45 - -91. Is 6/(-30) - w/(-5) prime?
False
Let l be 2*2*3/(-12). Is l/2 - (-5076)/24 a prime number?
True
Let x = -9 - -19. Let a = x + 181. Is a a composite number?
False
Let f(y) = y**3 + 9*y**2 - 5*y - 12. Let l be f(-9). Suppose -10 = -5*p + 3*q - 4, p - 5*q + 12 = 0. Suppose p*d - 36 - l = 0. Is d a prime number?
True
Suppose -4*j + 4*c = -1212, 10*j - 5*j - 4*c - 1510 = 0. Is j prime?
False
Suppose -m - 45 + 165 = 0. Let g be 7/((-42)/(-4))*m. Let b = 115 - g. Is b composite?
True
Suppose -5*m = 4*z - 456, -2*m - 3*z + 44 = -144. Let k = 207 - m. Is k composite?
True
Let a(p) = p**2 + 23 - p**2 - p**2. Is a(0) a composite number?
False
Let n(q) = 59*q**2 + 2*q + 3. Is n(-2) prime?
False
Let u = -9 + 40. Is u prime?
True
Let p = -418 - -1411. Is p prime?
False
Let v(r) = -r - 1. Let o be v(3). Suppose -5*m + 8*m - 81 = 0. Let q = o + m. Is q composite?
False
Is ((-3876)/(-18))/(2/3) composite?
True
Suppose 2157 = i + v, -2*v + 7*v + 10805 = 5*i. Is i a composite number?
True
Let h = 2159 - 695. Let c = h + -955. Is c a prime number?
True
Let c(m) = -3*m + 1. Let k be (0 - 1) + (-2 - 0). Is c(k) prime?
False
Let i(z) = -9*z - 1. Let a be i(-1). Let o(k) be the second derivative of k**3/2 - 11*k**2/2 - k. Is o(a) a prime number?
True
Suppose 0 = -5*r + 8 + 7. Suppose 0*z - r*z + 353 = -y, z = 5*y + 113. Is z prime?
False
Is 12817/4 + 3/4 composite?
True
Suppose 5*s + 127 = -153. Let w = 87 + s. Is w prime?
True
Let c = 97 + -163. Let w = -41 - c. Is w prime?
False
Let f(b) = b**2 + 9*b - 8. Let y(k) = -k**2 - 9*k + 8. Let q(r) = -4*f(r) - 3*y(r). Suppose 2*l = -5*n - 14, 3*l + 21 = 6*n - 7*n. Is q(l) a prime number?
False
Let c(d) = -d**2 + 13*d. Let m be c(13). Let b(k) = k**3 - k**2 + k + 35. Is b(m) prime?
False
Let m = 46 - 107. Let i = m + 148. Is i a composite number?
True
Let m(n) = 3*n**2 + 10*n - 4. Is m(9) a composite number?
True
Let r be (-20)/(-6) - 1/3. Is 37 - (6/1)/r a composite number?
True
Suppose -10*b + 897 = -7*b. Is b composite?
True
Let s be (4 + -8)/(-3 - -1). Suppose -2*a - 2*a = -2*l + 28, 2*l - 64 = -5*a. Suppose s*w + 4*x - 158 = 0, w - 57 = 4*x + l. Is w prime?
True
Suppose -3*i - 3*d + 4608 = 0, -5*i + 7684 = -d + 2*d. Is i a composite number?
True
Suppose 15*j - 233 = 14*j. Is j prime?
True
Let w(k) = -k**3 - 6*k**2 - k - 4. Let a be w(-6). Let l(v) = v**a + 3*v**2 - 2*v**2 + 2*v - 1. Is l(-2) a prime number?
True
Let v(r) = -r**2 + 5*r + 3. Let s = 4 - -1. Let d be v(s). Suppose -32 = d*l - 95. Is l prime?
False
Let v(m) = 0*m + 7*m + 0 + 11 + 2*m. Is v(6) a composite number?
True
Let g be -1*((-6)/2 - 0). Suppose g*p - 484 = -p. Is p prime?
False
Let l(m) = 8*m**2 + 3*m - 22. Is l(-5) a prime number?
True
Is 16500 + (-2)/4*2 a prime number?
False
Is ((-6)/(-1))/(-3)*941/(-2) composite?
False
Let h be 8/4 + 415/1. Suppose 0 = 3*g - 288 - h. Is g a prime number?
False
Let h = -7 + 9. Suppose p + 246 = h*b - p, -3*b - 4*p = -341. Is b composite?
True
Let x(y) = -547*y**3 + 4*y**2 + y + 1. Is x(-2) a prime number?
True
Is 9905/6 + 2*(-7)/(-84) a composite number?
True
Let y(k) = -2533*k. Is y(-1) composite?
True
Let r = 251 - 147. Suppose -5*k + 1159 - r = 0. Is k a composite number?
False
Let d = -2 + 3. Let y(i) = 21*i + 1. Let m be y(d). Let r = 55 + m. Is r a prime number?
False
Suppose 5*f - 3 = -5*i - 13, 5*i = -f - 18. Suppose -f*b + 0*b = -38. Is b a prime number?
True
Let b be (6*1/1)/1. Suppose -i + 2*v + 41 = b*v, v - 50 = -i. Is i composite?
False
Let q be 3/(-3)*61*-6. Suppose -12*g = -14*g + q. Is g a prime number?
False
Let l(q) = 27*q**2 + 4*q - 1. Let v be l(-5). Suppose -5*u - 149 + v = 0. Let b = 150 - u. Is b prime?
False
Let a(k) = -2*k - 15. Let g = 4 - 15. Let r be a(g). Suppose -8*h + r*h + 131 = 0. Is h a prime number?
True
Let f(k) = k**2 - 6*k - 3. Let m be f(4). Is 4 + -1 - m*1 composite?
True
Let h = -11 + 7. Let i = -11 - h. Is (0 - i/(-1))*-1 a prime number?
True
Let c(q) = -19*q**3 - q**2 + 2*q. Let v be c(1). Is 6884/36 + 4/v a prime number?
True
Let f(l) = 10*l + 11 - l**2 + 7*l + 0*l. Is f(11) a composite number?
True
Suppose 8*j = 4*j + 20. Suppose -2*i - 9 = -j*i. Is ((-22)/i)/((-2)/3) a prime number?
True
Let o = 250 - 45. Is o composite?
True
Let s be 2 - (-1)/(3/9). Let p be 16*-1 + 1*-2. Let u = s - p. Is u composite?
False
Let f = 0 - -2. Suppose 3*w + f = 4*w. Is 3/(w*1/4) prime?
False
Let v be (1 + 0)*(3 - 2). Suppose -u + 0 = v. Is u/((-2)/136) + -1 a composite number?
False
Let h = 181 - 63. Is h prime?
False
Is 2*4/(-8)*-59 a composite number?
False
Let q(c) = 72*c - 5. Is q(3) composite?
False
Let a(p) = -3*p + 4. Is a(-3) a composite number?
False
Is (-1363)/(-4) - (-5)/20 a composite number?
True
Let d(m) = 5 + 2*m - 1 + 1. Let r be d(-10). Let u = r + 68. Is u composite?
False
Suppose -s - d + 23 = 3*d, 3*s - 3*d = -6. Suppose -s*r + 107 = -g, -3*r - 2*g - 19 = -129. Let i = r - 11. Is i composite?
True
Let s(v) = -v. Let z be s(-1). Let j be z + (-5)/((-10)/(-4)). Let g = j + 4. Is g a prime number?
True
Let q(t) = 3 + 3 + 8*t + 5*t. Let x = -7 + 14. Is q(x) composite?
False
Suppose 5 = -2*i + 7. Is 1*149/i*1 a prime number?
True
Suppose -c + 8 = c. Let l be -1 + 1 - (c - 7). Suppose 3*d + l*k = 93, -4*d - k + 109 = -0*d. Is d prime?
False
Let g = -11 - -15. Let r = -2 + g. Is (r + (-1)/1)*185 a prime number?
False
Let v be (156/(-14))/(3/(-21)). Let a = -54 + v. Let c = a - 17. Is c composite?
False
Let t(w) = 10*w**2 + 12*w**2 - 3 + w - 4*w. Is t(-2) a composite number?
True
Let k = 202 + -54. Let o = k - 86. Is o composite?
True
Suppose 3*n = 2*p + 2 - 10, 3*n = -5*p + 20. Suppose p*k = 2*k + 138. Is k a composite number?
True
Let w(u) = -u - 13. Let h be w(-10). Is h - (-269 - (0 + -3)) composite?
False
Let q(d) = 88*d**2 + 2*d. Let s be q(-2). Let g = s + -247. Let r = -67 + g. Is r composite?
True
Suppose 5*w = -0*w - 5*y + 90, 0 = -w + 3*y + 26. Suppose -3*i + 175 = -4*c, w = 5*c - c. Is i prime?
False
Let z(l) = 273*l**2 - 8*l + 5. Is z(-4) a composite number?
True
Suppose -4*p - 35 = -9*p. Suppose -2*t = 4*r - 38, -109 = -p*t + 2*t - 3*r. Is t composite?
False
Let s(m) = -41*m + 4. Is s(-5) composite?
True
Let o be -518*(-4 + 2 - -1). Suppose -2*i + 101 = 4*h - 243, o = 3*i + 5*h. Suppose i = 4*f - 52. Is f prime?
False
Suppose -6 = 2*v + 5*n, -4*v + 16 = -n + 4*n. Let a = v + -3. Suppose -2*p = -a*p + 46. Is p composite?
False
Is (7 + -4)/(0 + 9/11379) composite?
False
Let t = 340 - 179. Is t a prime number?
False
Let y(z) = -327*z**3 + 4*z**2 + 4*z + 6. Is y(-3) prime?
False
Let a(b) = 12*b**2 + 2*b - 1. Let j be a(-5). Suppose 112 = -3*q + j. Is q a composi